{"id":2390,"date":"2019-03-15T03:48:02","date_gmt":"2019-03-15T03:48:02","guid":{"rendered":"https:\/\/construporex.com\/nuevo\/index.php\/about-us-02-2\/"},"modified":"2020-12-04T16:20:25","modified_gmt":"2020-12-04T16:20:25","slug":"corporativo","status":"publish","type":"page","link":"https:\/\/construporex.com\/index.php\/corporativo\/","title":{"rendered":"Corporativo"},"content":{"rendered":"<p>[vc_row][vc_column][tm_spacer size=\u00bblg:23&#8243;][tm_spacer size=\u00bblg:23&#8243;][tm_heading style=\u00bbmodern\u00bb tag=\u00bbh6&#8243; custom_google_font=\u00bb\u00bb align=\u00bbcenter\u00bb text_color=\u00bbcustom\u00bb custom_text_color=\u00bb#ababab\u00bb]CONSTRUPOREX[\/tm_heading][tm_heading custom_google_font=\u00bb\u00bb align=\u00bbcenter\u00bb font_size=\u00bbsm:28;md:34;lg:40&#8243; line_height=\u00bb1.4&#8243; max_width=\u00bb740px\u00bb]NUESTRA<mark> EMPRESA<\/mark>[\/tm_heading][tm_spacer size=\u00bblg:23&#8243;][tm_spacer size=\u00bblg:23&#8243;][vc_column_text]<\/p>\n<p style=\"text-align: justify;\">Somos una empresa dedicada a la fabricaci\u00f3n y comercializaci\u00f3n de productos de poliestireno expandido (eps) o icopor, especializada en el servicio de aligeramiento de losas para el sector construcci\u00f3n.<\/p>\n<p><strong>NUESTRA MISION<\/strong><\/p>\n<p style=\"text-align: justify;\">Satisfacer las necesidades y expectativas de nuestros clientes, buscamos mantener posicionados nuestros productos y servicios a nivel nacional por lo cual Invertimos en nuestro capital humano para brindar una mejor calidad en el servicio. Estamos comprometidos con el desarrollo sostenible, ofreciendo soluciones amables con el medio ambiente y efectividad en nuestros procesos, mediante uso de maquinaria contribuyente a la disminuci\u00f3n de la contaminaci\u00f3n generada por nuestros productos.<\/p>\n<p><strong>NUESTRA VISION<\/strong><\/p>\n<p style=\"text-align: justify;\">Ser la empresa l\u00edder en el servicio de aligeramiento de losas y en el suministro de productos de poliestireno, brindando soluciones innovadoras y fortaleciendo la sostenibilidad ambiental.<\/p>\n<p><strong>NUESTROS VALORES <\/strong><\/p>\n<p style=\"text-align: justify;\"><strong>Responsabilidad:<\/strong> Obramos con seriedad para cumplir a tiempo con nuestras obligaciones y dar satisfacci\u00f3n a todos nuestros clientes.<\/p>\n<p style=\"text-align: left;\"><strong>Trabajo en Equipo:<\/strong> Con el aporte de nuestro talento humano cumplimos con los objetivos planificados.<\/p>\n<p style=\"text-align: left;\"><strong>Honestidad:<\/strong> Realizamos todas las operaciones con transparencia y rectitud en cada uno de nuestros proyectos.<\/p>\n<p style=\"text-align: left;\"><strong>Respeto:<\/strong> Escuchamos, entendemos y valoramos al otro, buscando armon\u00eda en las relaciones interpersonales, laborales y comerciales.<\/p>\n<h3 style=\"text-align: center;\"><a href=\"https:\/\/construporex.com\/index.php\/corporativo-historia\/\"><strong>VEA NUESTRA HISTORIA<\/strong><\/a><\/h3>\n<p>[\/vc_column_text][tm_spacer size=\u00bblg:23&#8243;][\/vc_column][\/vc_row][vc_row][vc_column][\/vc_column][\/vc_row][vc_row full_width=\u00bbstretch_row_content\u00bb][vc_column][tm_grid align=\u00bbcenter\u00bb equal_height=\u00bb1&#8243; columns=\u00bbxs:1;lg:2&#8243; row_gutter=\u00bblg:30&#8243; max_width=\u00bblg:1230&#8243;][tm_box_icon style=\u00bb03&#8243; icon_type=\u00bbfontawesome5&#8243; icon_fontawesome5=\u00bbfal fa-life-ring\u00bb box_link=\u00bburl:%23|title:24%2F7%20Support||\u00bb heading=\u00bbEst\u00e1ndares Internacionales\u00bb text=\u00bbBrindamos al sector de la construcci\u00f3n productos vers\u00e1tiles, dise\u00f1ados de acuerdo a su aplicaci\u00f3n, lo que facilita su uso y optimiza recursos en cada proyecto.\u00bb button=\u00bb|||\u00bb][tm_box_icon style=\u00bb03&#8243; icon_type=\u00bbfontawesome5&#8243; icon_fontawesome5=\u00bbfal fa-lock-alt\u00bb box_link=\u00bburl:%23|title:Top%20Security||\u00bb heading=\u00bbTecnolog\u00eda Integral\u00bb text=\u00bbGeneramos productos innovadores y de gran valor agregado que se complementan con acompa\u00f1amiento t\u00e9cnico de alto nivel. Siempre a la vanguardia.\u00bb button=\u00bb|||\u00bb][tm_box_icon style=\u00bb03&#8243; icon_type=\u00bbfontawesome5&#8243; icon_fontawesome5=\u00bbfal fa-globe\u00bb box_link=\u00bburl:%23|title:API%20for%20All%20Services||\u00bb heading=\u00bbCapital Humano\u00bb text=\u00bbNuestro compromiso es generar empleo de formal con personal m\u00e1s cualificado y t\u00e9cnicamente competitivo.\u00bb button=\u00bb|||\u00bb][tm_box_icon style=\u00bb03&#8243; icon_type=\u00bbfontawesome5&#8243; icon_fontawesome5=\u00bbfal fa-medal\u00bb box_link=\u00bburl:%23|title:Reliability||\u00bb heading=\u00bbSustentabilidad &amp; Ecosistema\u00bb text=\u00bbEs una pol\u00edtica corporativa siempre tener los mejores protocolos para respetar el medio ambiente y al entorno de nuestros colaboradores.\u00bb button=\u00bb|||\u00bb][\/tm_grid][tm_spacer size=\u00bblg:73&#8243;][\/vc_column][\/vc_row][vc_row full_width=\u00bbstretch_row\u00bb background_color=\u00bbcustom\u00bb lg_spacing=\u00bbpadding_top:64;padding_bottom:64&#8243; custom_background_color=\u00bbrgba(101,214,36,0.75)\u00bb][vc_column][tm_grid columns=\u00bbxs:2;sm:2;lg:4&#8243; column_gutter=\u00bblg:30&#8243; row_gutter=\u00bblg:50&#8243;][tm_counter number_color=\u00bbcustom\u00bb text_color=\u00bbcustom\u00bb number=\u00bb1790&#8243; text=\u00bbClientes Felices\u00bb custom_number_color=\u00bb#ffffff\u00bb custom_text_color=\u00bbrgba(255,255,255,0.7)\u00bb][tm_counter number_color=\u00bbcustom\u00bb text_color=\u00bbcustom\u00bb number=\u00bb491&#8243; text=\u00bbProyectos Finalizados\u00bb custom_number_color=\u00bb#ffffff\u00bb custom_text_color=\u00bbrgba(255,255,255,0.7)\u00bb][tm_counter number_color=\u00bbcustom\u00bb text_color=\u00bbcustom\u00bb number=\u00bb245&#8243; text=\u00bbToneladas Recicladas\u00bb custom_number_color=\u00bb#ffffff\u00bb custom_text_color=\u00bbrgba(255,255,255,0.7)\u00bb][tm_counter number_color=\u00bbcustom\u00bb text_color=\u00bbcustom\u00bb number=\u00bb1090&#8243; text=\u00bbEmpleos Generados\u00bb custom_number_color=\u00bb#ffffff\u00bb custom_text_color=\u00bbrgba(255,255,255,0.7)\u00bb][\/tm_grid][\/vc_column][\/vc_row]<\/p>\n","protected":false},"excerpt":{"rendered":"<p>[vc_row][vc_column][tm_spacer size=\u00bblg:23&#8243;][tm_spacer size=\u00bblg:23&#8243;][tm_heading style=\u00bbmodern\u00bb tag=\u00bbh6&#8243; custom_google_font=\u00bb\u00bb align=\u00bbcenter\u00bb text_color=\u00bbcustom\u00bb custom_text_color=\u00bb#ababab\u00bb]CONSTRUPOREX[\/tm_heading][tm_heading custom_google_font=\u00bb\u00bb align=\u00bbcenter\u00bb font_size=\u00bbsm:28;md:34;lg:40&#8243; line_height=\u00bb1.4&#8243; max_width=\u00bb740px\u00bb]NUESTRA EMPRESA[\/tm_heading][tm_spacer size=\u00bblg:23&#8243;][tm_spacer size=\u00bblg:23&#8243;][vc_column_text] Somos una empresa dedicada a la fabricaci\u00f3n y comercializaci\u00f3n de productos de poliestireno expandido (eps) o icopor, especializada en el servicio de aligeramiento de losas para el sector construcci\u00f3n. NUESTRA MISION Satisfacer las necesidades y expectativas de nuestros clientes, buscamos mantener posicionados nuestros productos y servicios a nivel nacional por lo cual Invertimos en nuestro capital humano para brindar una mejor calidad en el servicio. Estamos comprometidos con el desarrollo sostenible, ofreciendo soluciones amables con el medio ambiente y efectividad en nuestros procesos, mediante uso de maquinaria contribuyente a la disminuci\u00f3n de la contaminaci\u00f3n generada por nuestros productos. NUESTRA VISION Ser la empresa l\u00edder en el servicio de aligeramiento de losas y en el suministro de productos de poliestireno, brindando soluciones innovadoras y fortaleciendo la sostenibilidad ambiental. NUESTROS VALORES Responsabilidad: Obramos con seriedad para cumplir a tiempo con nuestras obligaciones y dar satisfacci\u00f3n a todos nuestros clientes. Trabajo en Equipo: Con el aporte de nuestro talento humano cumplimos con los objetivos planificados. Honestidad: Realizamos todas las operaciones con transparencia y rectitud en cada uno de nuestros proyectos. Respeto: Escuchamos, entendemos y valoramos al otro, buscando armon\u00eda en las relaciones interpersonales, laborales y comerciales. VEA NUESTRA HISTORIA [\/vc_column_text][tm_spacer size=\u00bblg:23&#8243;][\/vc_column][\/vc_row][vc_row][vc_column][\/vc_column][\/vc_row][vc_row full_width=\u00bbstretch_row_content\u00bb][vc_column][tm_grid align=\u00bbcenter\u00bb equal_height=\u00bb1&#8243; columns=\u00bbxs:1;lg:2&#8243; row_gutter=\u00bblg:30&#8243; max_width=\u00bblg:1230&#8243;][tm_box_icon style=\u00bb03&#8243; icon_type=\u00bbfontawesome5&#8243; icon_fontawesome5=\u00bbfal fa-life-ring\u00bb box_link=\u00bburl:%23|title:24%2F7%20Support||\u00bb heading=\u00bbEst\u00e1ndares Internacionales\u00bb text=\u00bbBrindamos al sector de la construcci\u00f3n productos vers\u00e1tiles, dise\u00f1ados de acuerdo a su aplicaci\u00f3n, lo que facilita su uso y optimiza recursos en cada proyecto.\u00bb button=\u00bb|||\u00bb][tm_box_icon style=\u00bb03&#8243; icon_type=\u00bbfontawesome5&#8243; icon_fontawesome5=\u00bbfal fa-lock-alt\u00bb box_link=\u00bburl:%23|title:Top%20Security||\u00bb heading=\u00bbTecnolog\u00eda Integral\u00bb text=\u00bbGeneramos productos innovadores y de gran valor agregado que se complementan con acompa\u00f1amiento t\u00e9cnico de alto nivel. Siempre a la vanguardia.\u00bb button=\u00bb|||\u00bb][tm_box_icon style=\u00bb03&#8243; icon_type=\u00bbfontawesome5&#8243; icon_fontawesome5=\u00bbfal fa-globe\u00bb box_link=\u00bburl:%23|title:API%20for%20All%20Services||\u00bb heading=\u00bbCapital Humano\u00bb text=\u00bbNuestro compromiso es generar empleo de formal con personal m\u00e1s cualificado y t\u00e9cnicamente competitivo.\u00bb button=\u00bb|||\u00bb][tm_box_icon style=\u00bb03&#8243; icon_type=\u00bbfontawesome5&#8243; icon_fontawesome5=\u00bbfal fa-medal\u00bb box_link=\u00bburl:%23|title:Reliability||\u00bb heading=\u00bbSustentabilidad &amp; Ecosistema\u00bb text=\u00bbEs una pol\u00edtica corporativa siempre tener los mejores protocolos para respetar el medio ambiente y al entorno de nuestros colaboradores.\u00bb button=\u00bb|||\u00bb][\/tm_grid][tm_spacer size=\u00bblg:73&#8243;][\/vc_column][\/vc_row][vc_row full_width=\u00bbstretch_row\u00bb background_color=\u00bbcustom\u00bb lg_spacing=\u00bbpadding_top:64;padding_bottom:64&#8243; custom_background_color=\u00bbrgba(101,214,36,0.75)\u00bb][vc_column][tm_grid columns=\u00bbxs:2;sm:2;lg:4&#8243; column_gutter=\u00bblg:30&#8243; row_gutter=\u00bblg:50&#8243;][tm_counter number_color=\u00bbcustom\u00bb text_color=\u00bbcustom\u00bb number=\u00bb1790&#8243; text=\u00bbClientes Felices\u00bb custom_number_color=\u00bb#ffffff\u00bb custom_text_color=\u00bbrgba(255,255,255,0.7)\u00bb][tm_counter number_color=\u00bbcustom\u00bb text_color=\u00bbcustom\u00bb number=\u00bb491&#8243; text=\u00bbProyectos Finalizados\u00bb custom_number_color=\u00bb#ffffff\u00bb custom_text_color=\u00bbrgba(255,255,255,0.7)\u00bb][tm_counter number_color=\u00bbcustom\u00bb text_color=\u00bbcustom\u00bb number=\u00bb245&#8243; text=\u00bbToneladas Recicladas\u00bb custom_number_color=\u00bb#ffffff\u00bb custom_text_color=\u00bbrgba(255,255,255,0.7)\u00bb][tm_counter number_color=\u00bbcustom\u00bb text_color=\u00bbcustom\u00bb number=\u00bb1090&#8243; text=\u00bbEmpleos Generados\u00bb custom_number_color=\u00bb#ffffff\u00bb custom_text_color=\u00bbrgba(255,255,255,0.7)\u00bb][\/tm_grid][\/vc_column][\/vc_row]<\/p>\n","protected":false},"author":1,"featured_media":0,"parent":0,"menu_order":0,"comment_status":"closed","ping_status":"closed","template":"","meta":{"footnotes":""},"class_list":["post-2390","page","type-page","status-publish","hentry","post-no-thumbnail"],"_links":{"self":[{"href":"https:\/\/construporex.com\/index.php\/wp-json\/wp\/v2\/pages\/2390","targetHints":{"allow":["GET"]}}],"collection":[{"href":"https:\/\/construporex.com\/index.php\/wp-json\/wp\/v2\/pages"}],"about":[{"href":"https:\/\/construporex.com\/index.php\/wp-json\/wp\/v2\/types\/page"}],"author":[{"embeddable":true,"href":"https:\/\/construporex.com\/index.php\/wp-json\/wp\/v2\/users\/1"}],"replies":[{"embeddable":true,"href":"https:\/\/construporex.com\/index.php\/wp-json\/wp\/v2\/comments?post=2390"}],"version-history":[{"count":28,"href":"https:\/\/construporex.com\/index.php\/wp-json\/wp\/v2\/pages\/2390\/revisions"}],"predecessor-version":[{"id":2736,"href":"https:\/\/construporex.com\/index.php\/wp-json\/wp\/v2\/pages\/2390\/revisions\/2736"}],"wp:attachment":[{"href":"https:\/\/construporex.com\/index.php\/wp-json\/wp\/v2\/media?parent=2390"}],"curies":[{"name":"wp","href":"https:\/\/api.w.org\/{rel}","templated":true}]}}